= b + -123. What is the remainder when 303/6 + 2/f + 1 is divided by 6?
3
Let u = -6 - -6. Suppose -m + 5*t - 115 = u, 5*m + 4*t = -36 - 597. Let x = -108 - m. What is the remainder when x is divided by 7?
3
Suppose 32*l - 736 = -0*l. Let y(m) = 9*m - 132. Calculate the remainder when 1274 is divided by y(l).
74
Suppose -9*d = -7*d - 8. Suppose -d*f + 27 = -9. Let z(p) = -p**3 + 10*p**2 + 3*p - 14. What is the remainder when z(10) is divided by f?
7
Suppose 4*n + 3*r = 0, 7*n - 4*n - 17 = 2*r. Suppose 2*s + 6 = -n*k, 3*k = 2*s - 0*k - 6. Calculate the remainder when 105 is divided by s - (6*6)/(-2).
15
Suppose 245*u = 241*u + 4965 + 16763. What is the remainder when u is divided by 143?
141
Let y = 52 - 49. Suppose -47 = y*v - 218. Calculate the remainder when v is divided by (-1 + -4)/(4/(-12)).
12
Let v = 5 + 11. Suppose 5*z - 4245*r + 4246*r - 141 = 0, 3*z - r - 99 = 0. What is the remainder when z is divided by v?
14
Suppose 425*x - 421*x - 2*n = 1682, 2*n = x - 428. What is the remainder when x is divided by 63?
40
Let p(l) = 160*l - 306. What is the remainder when p(5) is divided by 241?
12
Suppose n = 30 - 12. What is the remainder when (-3)/(-3)*3*150/n is divided by 9?
7
Calculate the remainder when 6/(-9) - (-7)/(-14)*1068/(-18) is divided by ((2/(-1))/(-2))/(2/32).
13
Suppose -5*d + 8489 = -i, 12*d - 15*d = -i - 5091. Calculate the remainder when d is divided by 46.
43
Suppose 5*p - k = 14 + 63, 0 = -3*p - 4*k + 37. Let h(y) = 9*y + 9. Let d be h(-2). What is the remainder when d/(22/99 + (-10)/18) is divided by p?
12
Suppose -4*y + 1479 = 3*s, 4*y - 1116 - 366 = -2*s. Let f = y + -312. What is the remainder when f is divided by 18?
6
Let i(c) = -19*c**2 - 6*c + 47. Let z be i(4). What is the remainder when 93 is divided by (2/6)/(z/141 + 2)?
46
Suppose 0 = -9*k - 145 - 791. Let w = k + 167. Suppose -2*s + 5*t - 3 = 0, -20 = -2*t - 2*t. What is the remainder when w is divided by s?
8
Suppose -2*g + 1340 = -424. Suppose -g = -270*f + 263*f. What is the remainder when f is divided by 37?
15
Let u(r) = r**3 - 15*r**2 - 16*r + 17. Let i be u(16). Suppose -7 = 8*c + i. Let v(o) = -20*o - 19. What is the remainder when v(c) is divided by 11?
8
Suppose -4*j + 92 = 4*v, -j + 26 = v + j. What is the remainder when (7380/25)/6 + 420/(-350) is divided by v?
8
Suppose -o = -4*y + 3*o + 20, 9 = y - 5*o. Suppose -96 = -y*c - 2*c. What is the remainder when c is divided by (-10)/4*(-1 - 1)?
1
Suppose 4 = 4*s - 16, 0 = 3*u + 4*s - 230. Calculate the remainder when 1325 is divided by u.
65
What is the remainder when 1300 is divided by (-3 - -32*12/(-48)) + 613?
96
Suppose -d + 5 = 0, 3*u - 555*d = -559*d + 212. Let r = 75 - 40. Calculate the remainder when u is divided by r.
29
What is the remainder when 2602/4 - 88/16 is divided by 7?
1
What is the remainder when 462 is divided by -4 + (68/4 - -180)?
76
Let m = -260 - -254. Calculate the remainder when 114 - (m/14 - (-36)/(-63)) is divided by 20.
15
What is the remainder when 3/(-12) - ((-501)/2)/(48/56) is divided by 13?
6
Calculate the remainder when 884 is divided by -6*(-4 - -3 - -3*(4 + -5)).
20
Let b(a) = -a**3 + 4*a - 2. Let m be -2*(12/(-8) + 3). Let z be b(m). Suppose j = -z + 23. Calculate the remainder when 37 is divided by j.
7
Let i = 2065 - 2031. Calculate the remainder when 266 is divided by i.
28
Let b(m) = 4*m**3 + 18*m**2 + 2*m + 89. What is the remainder when b(-5) is divided by 11?
7
Let u = 1011 + -863. Calculate the remainder when u is divided by 84.
64
Let g be -5 + -7 + (-36)/(-4). Calculate the remainder when 381 is divided by -61*g/3 + (4 - 1).
61
Let w = 150 + -92. Let h be -10*3/4*(-6)/9. Suppose -10*d + 225 = h*d. What is the remainder when w is divided by d?
13
Suppose 6*o + 133 = 7. Let p = o + 24. Suppose 3 + 3 = -p*j, 2*q - 5*j = 28. What is the remainder when 35 is divided by q?
8
Suppose -33*h + 1830 = 150*h. Calculate the remainder when 2697 is divided by h.
7
Let n(j) = 363*j**2 + 34*j - 21. What is the remainder when n(-2) is divided by 13?
11
Let z = 1 + 3. Suppose 5*d - 330 = r, 11*d - 990 = 3*r + 8*d. What is the remainder when -1 + 4 + r/(-22) is divided by z?
2
Let p(m) = 6*m**2 + 30*m + 109. Calculate the remainder when 259 is divided by p(-5).
41
Suppose 105*v - 100*v = -3*r + 153, 5*v + 51 = r. Calculate the remainder when 143 is divided by r.
41
Let c = 66 - 41. Let b = 532 + -485. Calculate the remainder when b is divided by c.
22
Let n(b) = b + 25. Let m(p) = -p**3 + 6*p**2 + 39*p + 13. Let a be m(10). What is the remainder when 132 is divided by n(a)?
20
Suppose 0*w + 4*s = w - 106, -5*w = -2*s - 602. Let q = w + -120. What is the remainder when 119 is divided by (57 - 9)*q/4?
23
Suppose -4*q = -125 - 203. Suppose 10*r = 4*j + 6*r - 144, q = 2*j + 3*r. Calculate the remainder when 111 is divided by j.
35
Let w = 16110 + -16050. Calculate the remainder when 29817 is divided by w.
57
Calculate the remainder when 127 is divided by 9/54*-6*2/(-4)*22.
6
Let s = 21494 - 21142. What is the remainder when 1311 is divided by s?
255
Let v(n) = 20*n**3 - n**2 + 4*n + 2. What is the remainder when v(2) is divided by 2/12 + (-249)/(-18)?
12
Let u(j) = -j**3 + 11*j**2 - 65*j + 557. What is the remainder when 126 is divided by u(10)?
0
Let v = 35 - 27. Suppose v = 2*f - 2*i, f - 5*i - 5 = -f. Calculate the remainder when 10 is divided by -1*(f + -3 + -5).
1
Let v be 11 - (2 + -4) - (-3 + 1). Let x be ((-9)/v)/((-2)/10). Suppose 0*z + x*f - 128 = -4*z, -54 = -2*z + f. Calculate the remainder when z is divided by 15.
14
Let g = -326 + 422. Calculate the remainder when g is divided by ((-6)/(-12))/((-2)/(-56)).
12
Suppose -10*u - 2*u - 228 = 0. Let q = -5 - u. What is the remainder when 77 is divided by q?
7
Let p(j) be the first derivative of -j**2/2 + 3*j + 1. Let b be -1 - 3*4 - (-259)/37. Calculate the remainder when p(b) is divided by 6.
3
Let s(z) = 109*z + 2622. Let y = 3 + -1. Suppose 98 = 2*l + y*b - 4*b, 0 = -2*l + 5*b + 110. Calculate the remainder when l is divided by s(-24).
3
Suppose -4*j - 2 = -3*j + 2*d, d - 8 = -2*j. Suppose 3*p + 77 = j*p + 4*r, -2*p - 2*r + 54 = 0. What is the remainder when p is divided by 3/(3/16 - 0)?
15
Let p(y) = y**3 - 9*y**2 + y - 15. Let r be p(9). Let a = -14 - -35. Calculate the remainder when (r - -4)/((-3)/156) is divided by a.
20
Let f = -11108 + 11196. What is the remainder when 1229 is divided by f?
85
Let z(t) = t**3 - 46*t**2 + 56*t - 429. What is the remainder when 1315 is divided by z(45)?
61
Suppose -10*a + 413 = 233. Calculate the remainder when 390 is divided by a.
12
Let n = -146 + 129. Let t(q) = -2*q + 180. Calculate the remainder when t(n) is divided by 27.
25
Let v(i) = 4*i**2 + 9*i - 5. Let k be v(-4). Suppose -4*d + 22 + k = -s, -4*d = 4*s - 20. Calculate the remainder when 57 is divided by d.
7
What is the remainder when (0 - -2)*19/(-38) + (2 - -2895) is divided by 69?
67
What is the remainder when 65 + 0 + (-3)/(-3) is divided by 6*3/2 - (-1945)/389?
10
Let i be (-1 - -2)/((-4)/492*3). Let z = i + 49. Suppose z*c = 6*c + 20. What is the remainder when c is divided by 4?
2
Suppose -5*v - 3*k + 50 = -64, 2*k = -2*v + 44. Calculate the remainder when 40 is divided by (-2)/v - (-3887)/276.
12
Suppose 44*z = 38*z - 60. Let h(s) = s**3 + 12*s**2 + 10*s - 23. Calculate the remainder when 381 is divided by h(z).
73
Suppose 2*j + 5*n = -j + 170, -2*j - 2*n + 112 = 0. Calculate the remainder when (-8)/((-10)/j + 0) is divided by 26.
18
Suppose 4*h + 702*i - 700*i - 406 = 0, 2*h = 3*i + 223. What is the remainder when 61879 is divided by h?
103
Suppose -55816*k = -55801*k - 1455. What is the remainder when k is divided by 12?
1
Suppose 532 = 5*g + 12. Let q = g + -91. Calculate the remainder when 179 is divided by q.
10
Let k(o) = 3*o**2 + 10*o - 588. What is the remainder when 4496 is divided by k(17)?
6
What is the remainder when (-514)/(-1799) - 2432/(-14) is divided by 32?
14
Suppose -65 = 15*f - 155. Calculate the remainder when ((-564)/14)/(f/(-28)) is divided by 64.
60
Let h(o) = -95*o + 44. Let y be h(2). Let g = 248 + y. What is the remainder when g is divided by 28?
18
What is the remainder when (-3)/(60/8) + 581256/690 is divided by 254?
80
Suppose 4*a + 199 = 239. Calculate the remainder when (